rime factors of u?
47
Suppose -2*z + 6 = -4, 2*v - z - 9 = 0. Let h(u) = -u**2 + 7*u + 3. Let x be h(v). List the prime factors of -2*x/6*-13.
13
Suppose 12 + 12 = 3*l. Suppose 0 = 3*n - 6, c - l = n - 4*n. List the prime factors of c.
2
Let c = 31 - -1. What are the prime factors of c?
2
Let k be 637/4 - (-5)/(-20). Suppose s = -3*x - 73, 0 = -5*x + s + 40 - k. What are the prime factors of x/(-20)*5/2?
3
Let n(i) = i**3 + 9*i - 6 + 2*i - 13*i**2 + 2*i. What are the prime factors of n(12)?
2, 3
Let i(d) = -3*d + 154. List the prime factors of i(0).
2, 7, 11
Suppose -3*q - y + 537 = 0, 4 = -3*y - 5. List the prime factors of q.
2, 3, 5
Suppose x = -29 + 11. List the prime factors of 1 - 1 - (-1 + x).
19
Let j(c) = c**2 - 5 + c**3 - 2*c + 3*c - 4*c**2. List the prime factors of j(4).
3, 5
List the prime factors of (18/7)/((-6)/(-28)).
2, 3
Let j be 5 - 1 - 2/1. Let l = -12 - -8. What are the prime factors of l*(1 - 7/j)?
2, 5
Let b be 3/((9/(-12))/1). Let u = b - -11. Let z = 9 - u. What are the prime factors of z?
2
Suppose 0 = -2*n + 4*w + 26, -3*n + 10 = -8*n - 5*w. Let u be (-3 + n - 0)*-1. Suppose 4*y + 20 - 72 = u. What are the prime factors of y?
13
Suppose 2*h = 5*r - 2*r + 154, -4*r = -16. List the prime factors of h.
83
What are the prime factors of 256 - -2 - (-4)/(-1)?
2, 127
Suppose 0 = 2*w + 6, 5*d - 5*w = -w + 312. What are the prime factors of d?
2, 3, 5
Let r = 726 + -310. List the prime factors of r.
2, 13
Let x(g) = 9*g + 6. List the prime factors of x(5).
3, 17
Suppose -5*k + 4*s = -1029, 3*s - 5*s - 410 = -2*k. List the prime factors of k.
11, 19
Let c(q) = q**2 - 13*q + 31. List the prime factors of c(14).
3, 5
Suppose -o - 3*o = 0. Suppose o = -4*y - s + 19, -5*s + 1 + 6 = -2*y. Let z(m) = m. What are the prime factors of z(y)?
2
Let r(q) be the second derivative of -q**6/240 - q**5/30 - q**4/12 - 3*q. Let f(o) be the third derivative of r(o). List the prime factors of f(-4).
2
Let s be 2*1*(-35)/(-10). Suppose -i - s + 31 = 5*t, 0 = -5*t + i + 16. Suppose t*n - 60 = -20. List the prime factors of n.
2, 5
Let m(d) = d**3 - 5*d**2 + d + 4. Let j be m(5). Let r = j - 5. What are the prime factors of 6/r*(-16)/(-6)?
2
Suppose 3*s + 30 = w - 7, -3*s = 3*w - 111. List the prime factors of w.
37
Let f(j) be the third derivative of -j**6/120 + j**5/20 + j**4/24 + j**3/6 - 3*j**2. Let w(g) = g - 1. Let z(p) = f(p) + 6*w(p). List the prime factors of z(4).
7
Suppose 0 = 3*v - 2*v - 4, 4*v + 2 = 3*l. List the prime factors of l.
2, 3
Let i(x) = 8*x**2 + 8*x - 21. What are the prime factors of i(3)?
3, 5
Let n(w) = -5*w**3 - 2*w**2 + w. Let u be n(1). Let p be -1 + 34 + u/(-2). List the prime factors of (-58)/(-18) - 8/p.
3
Let s(w) = 11*w - 6. List the prime factors of s(16).
2, 5, 17
Suppose 0 = 4*n - 6*b + b - 82, -5*n - b = -88. What are the prime factors of (6/(-9))/((-4)/n)?
3
Let p(x) = 14*x**3 - 2*x + 2. List the prime factors of p(2).
2, 5, 11
Let a be 10/(4 - (1 + 1)). Suppose -a*d = 16 - 66. What are the prime factors of d/4*(-6)/(-5)?
3
Suppose 0 = -a + 2*z + 12 - 2, 0 = a + 4*z + 20. Let f be -6 - ((-3 - -6) + -5). Let v = a - f. List the prime factors of v.
2
Let f be 2 + 3/((-6)/(-4)). Suppose -f*y + 2 = -3*r, -2*y + 6 = 2*r - r. Let t(g) = g**2 - 1. What are the prime factors of t(y)?
3
Suppose -4*b + 0 = 4. Let a(i) = -i. Let t(w) = -w. Let v(c) = b*t(c) + 4*a(c). What are the prime factors of v(-4)?
2, 3
Let x(g) be the second derivative of g**3/6 - 2*g**2 - g. Let k be x(7). Suppose -a - 30 = -k*a. List the prime factors of a.
3, 5
Suppose 2*s = 7*s - 165. What are the prime factors of s?
3, 11
Let u = -28 - 2. Let q = 52 + u. List the prime factors of q.
2, 11
Let u = 15 - -25. Let w(n) = -n**3 + 4*n**2 + 2*n + 3. Let s be w(4). Suppose 5*k - u = -5*t, 0 = -t - k - k + s. List the prime factors of t.
5
Suppose -2*n = -y + 3*n + 40, 145 = 2*y + 3*n. What are the prime factors of y?
5, 13
Let s(m) = -m**2 - 13*m - 27. What are the prime factors of s(-8)?
13
Let f be (-4)/6 - 66/9. What are the prime factors of 70/8 - 2/f?
3
Suppose 5*t - 20 = -0*t. Suppose 2*r - 18 = -2*o - 0*r, t*r = -5*o + 43. List the prime factors of o.
7
Suppose 10 - 38 = -4*f. List the prime factors of f.
7
Suppose -4*j + 125 = -99. Suppose -12 = -4*f + j. List the prime factors of f.
17
Suppose 155 = q - 4*u + 3*u, 2*q + 5*u = 331. List the prime factors of q.
2, 79
List the prime factors of (36/8)/((-2)/(-60)).
3, 5
Suppose 5*t + 3*j = -2 + 15, 4*t + 4*j - 12 = 0. Suppose -2*q - t = -3*q. Suppose 18 = q*d + d. List the prime factors of d.
2, 3
Let a(g) = 4*g - 15 + 2*g - g. What are the prime factors of a(7)?
2, 5
Let x(m) = -m**2 - 25*m - 17. List the prime factors of x(-11).
137
Suppose 0*y + 495 = 5*y. List the prime factors of y.
3, 11
Let u(q) = -q**3 - 12*q**2 + 12*q - 1. Let a be u(-13). Suppose a + 40 = 4*o. What are the prime factors of o?
13
Suppose -5*y + 10*y = i + 19, y - 71 = 5*i. Let j = i + 28. What are the prime factors of j?
2, 7
Suppose -4*a = 3*p + 16, p + a + 3 = -2. Let r = p + 18. What are the prime factors of r?
2, 7
Let n(w) = -w**3 - 5*w**2 - w - 7. List the prime factors of n(-7).
2, 7
Let q be (-86)/8 - 2/8. Let a(y) = y**3 + 12*y**2 + 8*y - 8. List the prime factors of a(q).
5
Let y(k) = k**2 + 2*k - 3. Let x be y(-3). Suppose x = 2*v - 2 - 2. List the prime factors of v.
2
Let q(g) = -g + 13. Let m be q(5). Let o(w) be the second derivative of -w**3/6 + 5*w**2 + w. What are the prime factors of o(m)?
2
Let g = -2 - -2. Suppose g*f - d = 3*f - 12, -3*f - 2*d + 9 = 0. Suppose -3*v + 34 + 2 = -3*q, -57 = -f*v + 4*q. What are the prime factors of v?
3
List the prime factors of (36/30)/((-9)/(-1140)).
2, 19
Suppose 4*f - 21 - 27 = 0. Let t = f - 5. Suppose k + 12 = 2*j, t*j = 4*j + 5*k + 25. What are the prime factors of j?
5
List the prime factors of (-894)/(-42) - (-4)/(-14).
3, 7
Let l(y) = -4*y**2 + 3*y**2 + 2*y**2 + 3*y + 0 + 7. List the prime factors of l(-5).
17
Suppose -4*w = -2*w. Suppose -f + 3 + w = 0. List the prime factors of f.
3
Let u(z) = 6*z**2 + 9*z - 3. What are the prime factors of u(-5)?
2, 3, 17
Suppose -2*k - 104 = 5*y - 2*y, 2*k = -4*y - 100. Let i = k - -101. List the prime factors of i.
43
Suppose -l + 61 = -2*l. Let q = 92 + l. What are the prime factors of q?
31
Suppose 0 = -5*d - 16 + 6. Let i be 8 - d/(2/(-1)). Let y = i - -9. What are the prime factors of y?
2
Let o(b) = b**3 + 2*b**2 - 5*b - 1. Let y be o(-4). Let k = y + 6. Let d = k - -16. What are the prime factors of d?
3
Let s = 1 + -1. Suppose 3*w + 22 = 2*b - w, w + 4 = s. Let v = b + 0. What are the prime factors of v?
3
Suppose -19 = -3*s + 2*s. Let o = s - 10. List the prime factors of o.
3
Suppose 3*w - 74 = 5*v - 14, 0 = 5*v - 15. Suppose 3*r = i - w, -2*r + 11 - 1 = i. Let o = 2 + i. List the prime factors of o.
2, 3
Let h = 234 + -120. List the prime factors of h.
2, 3, 19
Suppose -2*o = -5*g - 7*o + 10, -5*g + 2*o = 4. Suppose 5*b = r + 150, g = -r - 3*b + 4*b - 162. What are the prime factors of r/(-35) + (-4)/(-14)?
5
Let l(w) = 4*w + 28. List the prime factors of l(23).
2, 3, 5
Suppose 9*c = 7*c - 6. Let s(q) = -4*q - 4. What are the prime factors of s(c)?
2
Suppose -i = 3, -i - 1068 = -3*d - 4*i. What are the prime factors of d?
359
Let o(y) = -y**3 + 7*y**2 - 7*y + 1. Let b be o(6). Let z(t) = t + 12. List the prime factors of z(b).
7
What are the prime factors of (-504)/((1/(-2))/((-2)/(-6)))?
2, 3, 7
List the prime factors of (-1015)/15*(-3 + 6)*-1.
7, 29
Let g(v) = v**3 - 7*v**2 + 8*v - 9. Let p be g(6). Let t be (12/p - 0)*8. Suppose -38 - t = -5*w. What are the prime factors of w?
2, 7
Let u be (-176)/12*(0 - -6). Let v be 207/11 - 16/u. Suppose 0 = i - v + 4. List the prime factors of i.
3, 5
Let c(d) = -8*d + 4. Let g be c(-2). Suppose 0 = -3*q + 7*q - 5*r - 41, -3*q + r = -17. List the prime factors of (-1)/q - (-145)/g.
7
Suppose 14*b - 87 = 13*b. List the prime factors of b.
3, 29
Let y = -14 - -11. Let i(c) = 2*c**2 + 3*c + 3. Let a be i(y). Let n = 22 - a. What are the prime factors of n?
2, 5
Let q = 6 + -3. Suppose 3*o + 30 - 10 = 4*g, -q*g + 2*o + 15 = 0. Suppose -2*u = g*n - 0*n, -2*u = -n - 12. List the prime factors of u.
5
Suppose -5*y - 6 = -41. List the prime factors of y.
7
Let f be -1 + 